(r) = -30*r + 922. Let h be x(31). What is g(h)?
-6
Let p(z) = -48 + 3*z - 105 + z - 61 + 152. Determine p(13).
-10
Let l(d) = -d**2 + 16*d - 21. Suppose -234 = 171*y - 189*y. Determine l(y).
18
Let n be (9/27*-6)/(2/(-85)). Let z(s) = -10*s - s**3 - 7 + n + 10*s**2 - 73. Calculate z(9).
-4
Let j be (2/(-3))/((-26)/39). Let t be (j/10)/((-2)/(-108))*5. Let z(x) = x**2 + 8*x - 26 + t - 2*x. What is z(-6)?
1
Let k(q) be the second derivative of -7*q**3/6 - 10*q**2 + 29*q. Let j be k(-4). Let g(m) = -2*m + 5. Calculate g(j).
-11
Let a(p) = 9*p**3 - 1. Suppose -2*f + 0*f = -8, 2*g - 14 = -f. Suppose w = -1 + 8. Suppose g*x + w = 2. Determine a(x).
-10
Let b = 316 - 312. Let o(t) = -t**2 + t - 3. Let y(q) = -q**2 - 4. Let v(z) = b*o(z) - 3*y(z). Calculate v(5).
-5
Let s(o) = 2*o + 56. Let i(t) = 4*t + 139. Let h(q) = -2*i(q) + 5*s(q). Suppose 6*m - 2*m = 8. Determine h(m).
6
Let l = -73 - -73. Let w be l - (0 - -1) - (-11 + -6). Let b(g) = -12 + w - 3 - 23*g. Determine b(-1).
24
Let u(h) = -6*h - 12. Let m = 1963 + -1966. Give u(m).
6
Let c(q) be the second derivative of -192*q + 0 + 7/3*q**3 - q**2 + 1/6*q**4. Give c(-7).
-2
Let z be (-65)/(-26)*68/10. Let d(y) = y**2 - 18*y + 20. Calculate d(z).
3
Let m(n) = 2*n**2 + n + 3. Suppose 285*i + 739 - 169 = 0. What is m(i)?
9
Suppose -10*b = 3*y - 6*b - 27, -4*y - 2*b + 36 = 0. Let x(l) = 3 - 4 + 2 + 8 - l. Calculate x(y).
0
Let p(a) = a**2 + 12*a**2 + 26 + 11*a**2 - a - 14*a**2 + 6*a**2 - a**3. Calculate p(16).
10
Let q = -346 + 438. Suppose -14*r + q = -20. Let t(p) = -p**3 + 7*p**2 + 8*p - 5. Give t(r).
-5
Let z(m) = -2*m - 7. Let p(b) = -3*b - 10. Let o be 333/(-117) - 6/39. Let q(s) = o*p(s) + 4*z(s). Determine q(4).
6
Let c be (2 + 1/(-1))*-59. Let u = c - -55. Let w(p) = 57 + 2*p - 27 - 24. Calculate w(u).
-2
Let j(t) = -2*t - 50. Suppose 900 = -66*q - 9*q. Determine j(q).
-26
Let l(g) be the second derivative of -g**3/6 - 29*g**2/2 + 40207*g. Let o be (-206)/10 - 2/5. Determine l(o).
-8
Let q be ((-25)/400*0)/(-4). Let y(j) be the third derivative of j**3 + q + 0*j + 25*j**2 - 1/24*j**4. Calculate y(4).
2
Let q be (-8)/((4 + 48/(-9))/(22/33)). Let v(r) be the second derivative of 0*r**2 + 1/6*r**3 - 5*r + 0*r**q + 4/5*r**5 + 0. Give v(1).
17
Let c be 312/8*1/1. Let j(h) = h**2 + c + 3*h - 31 + 6*h - 3*h. Let x be j(-6). Let v(z) = -z**3 + 8*z**2 + 4. Calculate v(x).
4
Suppose 0 = -115*c + 120*c + 40. Let w be (c/(-14))/((-1)/7). Let q(x) = -x**2 - 3*x - 3. Give q(w).
-7
Let h(v) = 119*v**2 + 0 - 1 + 168*v**2 + v - 276*v**2. Suppose -22 + 7 = 5*o. Let a = o - -4. Give h(a).
11
Let v(f) be the third derivative of -f**4/2 - 247*f**3/2 + 54*f**2 - 2*f + 18. Give v(-62).
3
Let l(p) = 39*p**3 + p**2 - 3*p + 5. Suppose 0 = -23*d + 18*d + 25. Let c(o) = 20*o**3 - o + 2. Let t(u) = d*c(u) - 2*l(u). Determine t(1).
21
Let z(s) = -3*s**3 + 10*s**2 + 5*s + 5. Let v(r) = -r**3 + 3*r**2 + r + 1. Let m(f) = 7*v(f) - 2*z(f). Calculate m(2).
-13
Let p(w) = -w - 16. Let d be p(-5). Let j(f) be the third derivative of -f**6/120 - f**5/6 + 11*f**4/24 - 2*f**3/3 + 613*f**2. What is j(d)?
-4
Let z(v) = 6*v**3 + 3*v**2 + 4*v. Let m be (-6)/(-4)*(18/(-27))/1. Give z(m).
-7
Suppose -3*r - 9*r = -408. Let o(d) = -d**3 + 32*d**2 + 67*d + 36. Give o(r).
2
Let y(i) = -17*i - 4*i + 9 + i + 9*i + 9*i. What is y(4)?
1
Let f(l) = -l**3 - 5*l**2 + 9*l + 19. Suppose -969 = 4*h - 945. Calculate f(h).
1
Let a(v) = -2 + 190*v + 201*v + 215*v - 861*v + 210*v - 14*v**2. Give a(-3).
7
Let g(l) = -4*l + 40. Let f be g(10). Let m(n) = -4 + 172*n + f + 171*n - 344*n. Calculate m(-6).
2
Suppose -4*k - 12 = s - 1, -10 = 2*s + 5*k. Let u(r) = r**3 + 2*r**2 - 6*r. Let p(j) = -2*j**3 - 4*j**2 + 11*j - 1. Let t(z) = s*u(z) + 3*p(z). What is t(-4)?
17
Suppose v = 4*v + 9. Let f(g) be the first derivative of -3*g - 7/2*g**2 + 53. Calculate f(v).
18
Suppose 3*f + 5 = -5*j + 10*j, -5*j = 4*f - 40. Suppose 12*a = 10*a + 2*t + 30, -j*t - 79 = -5*a. Let q(s) = -31 + 20 - s**2 + 5*s + a. Give q(7).
-6
Let v = 137 + 124. Let a be (2/(-12)*-4)/((-58)/v). Let k(h) = -2*h**2 - 2*h + 2. Determine k(a).
-10
Let j(l) = 4*l + 2*l**3 + 0*l + 2*l**2 - 3*l**3 - 3. Let u = -145 - -147. Suppose 12 = -u*q - 4*v, 2*q - v = 3*v + 20. Determine j(q).
5
Let i(m) = 15*m + 37. Let j be i(-2). Let l(b) = -4 + 13 - 40*b + 39*b. What is l(j)?
2
Let r be (-1 - 0) + (-1 - -2). Let u(h) be the first derivative of h**4/4 - h**2/2 + 21*h - 12510. Give u(r).
21
Let z(m) = -749*m**2 + 2*m**3 + 13*m**3 - 14*m + 738*m**2 - 8. Let n(s) = -10*s**3 + 7*s**2 + 9*s + 5. Let k(p) = -8*n(p) - 5*z(p). What is k(2)?
32
Let w(n) = 3*n**3 + 4*n**2 - 2*n + 5. Let b(q) = q**3 - q**2 - q. Let g(r) = -2*b(r) + w(r). Suppose -47 = 2*f - 39, 3*j + f = -22. What is g(j)?
5
Let r(q) = -2*q**3 + 13*q**2 + 9*q - 29. Let b(g) = 3*g**3 - 20*g**2 - 13*g + 43. Let y = -175 + 180. Let l(x) = y*b(x) + 7*r(x). Determine l(9).
-6
Let h be (-966)/(-14)*(-2)/(-6). Let k be (4 + (-3)/1)*h. Let f(g) = 8 + 10 + g + 0*g - k. Determine f(6).
1
Suppose 5*z - 29 = -g, 5*g + 0*g = -3*z + 35. Suppose z = -10*x + 9*x. Let a(u) be the first derivative of u**4/4 + 2*u**3 + 7*u**2/2 + 5*u + 5. Give a(x).
-5
Suppose -413*y - 31 = -408*y + 2*x, x + 8 = 0. Let w(m) = 18*m**2 - 2*m + 1. Determine w(y).
169
Let z(a) = -a**2 + 6*a. Suppose d + 3*h + 10 = 0, 382*h + 70 = 5*d + 377*h. Calculate z(d).
-16
Suppose 12 = l - g + 2, -g = -4*l + 28. Let a(d) = -4*d + 3 - 3 - l + 5 - d**2 + 0*d**2 + d**3. Suppose -4 = -x - 1. Give a(x).
5
Let n(y) = -y**3 - 14*y**2 - 11*y + 21. Suppose 2*d + 11 = -3*p, -85 = 5*d + 260*p - 264*p. Calculate n(d).
-5
Let a be (7/(140/(-8)))/(1/(-10)). Suppose 2*h + k - 11 = 0, a - 3 = -k. Let f(p) = p - 5. Calculate f(h).
1
Suppose -2*x + 7*x = 100. Let k = 24 - x. Suppose 5*p = -3*m + 20, k = m + 4*p - 12. Let i(q) = q + 3. Give i(m).
3
Suppose 0 = -2232*o + 2256*o. Let c(k) be the first derivative of -11 + 1/2*k**2 + o*k. Calculate c(-6).
-6
Let b be ((-10)/35)/((-4)/(-28)). Let a(s) = -2*s**2 - 6*s - 5. Give a(b).
-1
Suppose -4 = 3*x - 16. Let b(p) be the first derivative of 2*p**2 + 5*p - 17. Calculate b(x).
21
Let t(h) = -6*h**3 - 58*h**2 - h - 18. Let v(m) = m**3 + 10*m**2 + 3. Let j(p) = 3*t(p) + 17*v(p). What is j(-2)?
-5
Let v(p) be the third derivative of p**5/60 + 3*p**4/8 + 54*p**2 + 8*p. Let q = -4 - -7. Let a(b) = -b**2 - 10*b. Let c(f) = q*a(f) + 4*v(f). Calculate c(-6).
0
Let d(b) = -3 - 5*b**2 + 0*b**3 + 6 + b**3. Let o(p) = p**3 + 13*p**2 + 39*p + 16. Let t be o(-4). Give d(t).
-13
Let b(j) = j**3 - 7*j**2 + 6*j - 6. Suppose 3*k + 0*t + 4 = -5*t, 5*t + 6 = -2*k. Suppose k*i + 13 = 23. Calculate b(i).
-26
Suppose 3*m = -5*u + 13, -6*m + m = 4*u - 13. Let v be -2 + (1 - (-8 + 4)). Let r(y) = -5*y - 4*y**2 + 0*y + 6*y + 2*y + y**v. Calculate r(u).
-2
Let v(x) = x**2 - 6*x + 2. Let y = 159 - 96. Suppose 4*q - 163 = -5*m, 3*m - q - y = 45. Let f = 40 - m. Determine v(f).
-3
Suppose 4*f - 358 = 38. Let t = 163 - f. Let n(u) = t + 2*u - 66 + 0*u. Give n(-3).
-8
Let i(n) = 118*n + 21. Let v(z) = 24*z - 3. Let r(s) = -2*i(s) + 11*v(s). Calculate r(2).
-19
Let q(d) = 24*d**2 - 2*d**2 - 7*d**2 - 7*d**2 + 3*d - 7*d**2 - 10. Determine q(-9).
44
Let w be (-698)/(-10) + (-12)/(-60). Let p be 588/w - 4/10. Let j(k) = k - 9. What is j(p)?
-1
Let o(m) = 5*m + 5. Let x(l) = 8*l**2 + 120*l - 6. Let z(k) = -3*k**2 - 39*k + 2. Let y(w) = -5*x(w) - 16*z(w). Let j be y(-3). Give o(j).
-5
Let n(p) = -3*p + 34. Let r be n(16). Let t be (r - -18)/(2/23). Let q(l) = -l**2 + t + 50 - 93 + 2*l. What is q(3)?
0
Let t(h) = -h. Let n(i) = 256*i**3 - 2 - 2*i**2 - 1 - 510*i**3 - 2 + 253*i**3. Let c be n(-3). Give t(c).
-4
Let g(n) = 39 + 51 + 39*n - 48*n - 113. Give g(-2).
-5
Suppose -3*y + 5*n - 32 - 86 = 0, 4*n - 8 = 0. Let h be 6/(-9*3/y) + -4. Suppose 3*f = 4*j + 26, -4*f + 6*f - 24 = h*j. Let t(b) = -b**2 + 2. Determine t(f).
-2
Suppose 0 = 5*n + 3 + 17. Let r(y) = 5*y**2 + 7*y + 5 + 3 + 0*y**2 - 4*y**2 - 2. What is r(n)?
-6
Let v(o) = 31*o + 56. Let w(c) = -37*c - 70. Let z(s) = -6*v(s) - 5*w(s). Let r be 7/(-2)*-2 - -1. What is z(r)?
6
Let r = 358 - 354. Let w(d) = -3*d + 3. Let y(l) = 7*l. Let n(c) = -4*c. Let u(t) = -5*n(t) - 3*y(t). Let q(v) = -5*u(v) + w(v). Determine q(r).
11
Let z(t) = 3*t**2 - 7*t - 4. Let m